(18).
37
Let h(p) = -p**3 + 188*p**2 + 259*p - 13219. Determine h(189).
11
Let j(a) = 475*a - 13799. What is j(29)?
-24
Let k(h) = -2*h**3 + 2933*h**2 - 13303*h + 211996. Give k(1462).
6
Let b(y) = -2*y**3 - 540*y**2 + 6179*y - 731. Calculate b(-281).
112
Let s(m) = 7*m**2 + 151*m - 212. Determine s(-23).
18
Let w(k) = -3*k**3 - 82*k**2 + 49*k - 164. Determine w(-28).
32
Let p(o) = -3224*o + 77370. Determine p(24).
-6
Let u(r) = 8*r**3 + 13*r**2 + 31*r + 94. What is u(-3)?
-98
Let q(t) = -t**3 + 53*t**2 + 2433*t - 51771. Determine q(17).
-6
Let c(v) = -42*v**2 - 438*v + 1140. Calculate c(2).
96
Let z(u) = 6227*u - 186879. Give z(30).
-69
Let l(j) = 3384*j + 443957. Calculate l(-131).
653
Let c(y) = -95788*y - 670522. What is c(-7)?
-6
Let v(k) = -2*k**2 - 1491*k + 13377. What is v(9)?
-204
Let l(c) = -c**3 + 293*c**2 - 984*c + 33055. Determine l(290).
-5
Let h(l) = 358*l**2 - 52384*l - 52384. Determine h(-1).
358
Let r(b) = 7*b**3 - 29*b**2 + 1249*b - 7508. Give r(6).
454
Let w(c) = -1630*c - 32163. Calculate w(-20).
437
Let f(r) = -44*r + 5700. Determine f(163).
-1472
Let p(r) = -2031*r - 332784. Determine p(-164).
300
Let o(g) = 2*g**3 - 77*g**2 - 921*g + 5795. Calculate o(47).
61
Let x(g) = 75*g**2 - 59*g + 87. Calculate x(-7).
4175
Let w(d) = 1144*d**2 - 7437*d + 3445. Determine w(6).
7
Let u(m) = 5*m**2 + 3487*m - 35381. What is u(10)?
-11
Let j(p) = -9*p**3 - 47*p**2 - 3989*p - 19890. Determine j(-5).
5
Let d(s) = -3*s**3 - 854*s**2 - 555*s + 3669. Determine d(-284).
-23
Let m(z) = z**3 + 25*z**2 - 966*z - 26808. Determine m(-28).
-2112
Let i(o) = o**2 - 288*o + 13914. Calculate i(232).
922
Let o(l) = -50449*l - 655840. Determine o(-13).
-3
Let t(d) = 165206*d - 165155. Calculate t(1).
51
Let j(o) = -2*o**3 + 42*o**2 - 77*o + 746. Calculate j(20).
6
Let p(x) = -20335*x + 2257189. Determine p(111).
4
Let i(t) = -31*t**2 + 1416*t - 7049. Calculate i(40).
-9
Let i(o) = -21*o - 7864. Determine i(-370).
-94
Let u(r) = 3695*r + 2216986. What is u(-600)?
-14
Let s(y) = -230*y**3 - 66*y**2 - 63*y + 5. Determine s(-1).
232
Let k(z) = z**2 - 311*z - 938. Give k(-3).
4
Let n(v) = -55937*v - 167616. Determine n(-3).
195
Let q(i) = 88*i**2 + 7712*i + 33864. What is q(-83)?
0
Let a(z) = 2953*z - 20439. Give a(7).
232
Let y(f) = 1803027*f + 3606063. Calculate y(-2).
9
Let x(w) = 67148*w**2 - 268587*w - 24. Determine x(4).
-4
Let g(k) = 101937*k - 1121339. Give g(11).
-32
Let j(c) = 2*c**3 - 35*c**2 + 107*c - 186. What is j(15)?
294
Let y(c) = 198*c**2 - 110480*c - 2224. Give y(558).
8
Let y(i) = i**3 + 38*i**2 - 53*i - 4707. Calculate y(-35).
823
Let f(p) = p**3 + 910*p**2 - 932*p - 19135. Calculate f(-911).
-4
Let k(z) = -z**3 + 165*z**2 - 1690*z - 614. Give k(154).
2
Let t(b) = 168*b - 4739. Calculate t(16).
-2051
Let r(t) = t**3 + 45*t**2 + 512*t + 338. Determine r(-19).
-4
Let z(f) = 322078*f - 3220739. Determine z(10).
41
Let w(a) = -7*a**2 + 582*a - 104. Determine w(83).
-21
Let h(k) = k**3 + 79*k**2 - 793*k + 16. Calculate h(9).
7
Let w(x) = 80*x**2 - 1888*x - 2820. Calculate w(25).
-20
Let g(p) = 8606*p - 59651. Determine g(7).
591
Let o(z) = z**3 + 318*z**2 + 2181*z + 1152. Give o(-311).
-92
Let g(l) = 5*l**3 + 79*l**2 + 20*l + 23. Calculate g(-15).
623
Let v(g) = -g**2 - 121*g + 2632. Give v(19).
-28
Let t(h) = -3134*h + 21904. What is t(7)?
-34
Let w(m) = 5*m**3 + 53*m**2 - 30*m - 58. What is w(-11)?
30
Let p(l) = 8*l**3 + 80*l**2 - 26028*l - 260272. Calculate p(-10).
8
Let p(f) = 42*f + 378. Give p(-8).
42
Let t(h) = -20847*h - 396195. Give t(-19).
-102
Let g(w) = 147*w**2 - 430*w - 864. Give g(-2).
584
Let a(b) = -52421*b + 419337. Determine a(8).
-31
Let m(g) = 102147*g - 1225760. What is m(12)?
4
Let k(u) = -u**3 - 13*u**2 + 377*u + 5232. What is k(-15)?
27
Let n(b) = 4733*b - 13863. Determine n(3).
336
Let c(s) = -s**3 + 64*s**2 + 123*s + 521. Determine c(66).
-73
Let j(z) = -393*z**2 + 20650*z - 11121. Calculate j(52).
7
Let q(o) = -o**2 - 48*o - 469. Give q(-11).
-62
Let a(b) = 7990*b + 375535. Calculate a(-47).
5
Let f(l) = 36*l**2 + 424*l + 32. Determine f(-5).
-1188
Let g(x) = -x**2 + 720*x - 123467. Give g(283).
204
Let x(k) = -22*k**2 - 3068*k - 38639. What is x(-14)?
1
Let u(d) = -10*d**2 - 2849*d + 48415. Calculate u(17).
-2908
Let a(f) = -f**3 - 3*f**2 + 2467*f - 9789. What is a(46)?
9
Let l(f) = 27*f**3 - 51*f**2 + 58*f - 100. Determine l(2).
28
Let k(p) = 202*p**2 - 43638*p + 1283. Give k(216).
-13
Let k(t) = -t**3 + 8*t**2 - 29*t - 8. Determine k(8).
-240
Let y(h) = -4*h**3 + 316*h**2 - 925*h + 981. Determine y(76).
-7
Let h(n) = n**2 + 43012*n - 344148. Give h(8).
12
Let u(s) = s**3 - 20*s**2 + 99*s - 16. Give u(7).
40
Let n(y) = 5*y**3 + 138*y**2 + 2446*y + 63849. What is n(-27)?
-6
Let b(q) = 24074*q + 409276. Determine b(-17).
18
Let n(t) = -94091*t + 1129094. Calculate n(12).
2
Let p(d) = 607*d**2 - 6633*d - 483. What is p(11)?
1
Let l(g) = -13488*g + 13069. Calculate l(1).
-419
Let s(w) = 3*w**2 - 252*w + 1361. Determine s(6).
-43
Let o(b) = -21*b**2 + 12*b + 62. Give o(-4).
-322
Let v(q) = 5*q**3 + 17*q**2 - 410*q - 1623. Calculate v(-4).
-31
Let h(a) = -1235*a - 17330. Give h(-14).
-40
Let j(k) = -k**3 + 82*k**2 - 137*k + 11116. Give j(82).
-118
Let g(w) = w**3 + 11*w**2 - 940*w - 197. Give g(26).
375
Let x(v) = -v**2 - 576*v - 13896. Calculate x(-25).
-121
Let l(c) = -6400*c - 70424. Give l(-11).
-24
Let w(v) = 6*v**2 + 573*v - 4045. Calculate w(7).
260
Let p(v) = -v**2 - 20932*v + 544906. Give p(26).
-2
Let j(d) = 6*d**2 - 3107*d - 56917. What is j(-18)?
953
Let y(o) = -756*o**2 - 428*o - 446. Give y(-1).
-774
Let q(z) = 2*z**3 + 504*z**2 - 1833*z + 55055. Determine q(-256).
15
Let k(o) = -21*o**2 + 6200*o - 12396. Determine k(2).
-80
Let p(s) = 9*s**3 + 457*s**2 - 79*s - 449. Give p(-51).
-1622
Let c(a) = 125*a + 34433. Give c(-324).
-6067
Let k(i) = 3*i**3 + 363*i**2 - 1500*i + 40. What is k(-125)?
40
Let t(m) = 12583*m + 62027. Calculate t(-5).
-888
Let d(c) = 5583*c + 1004894. What is d(-180)?
-46
Let m(f) = 3*f**2 - 277*f - 6901. Give m(-21).
239
Let b(s) = 190*s**3 + 141*s**2 + 276*s - 22. What is b(-2)?
-1530
Let i(r) = 158*r**2 - 22866*r + 16412. Calculate i(144).
-4
Let y(x) = x**2 - 815*x + 136803. Determine y(579).
159
Let r(v) = -v**3 - 452*v**2 + 10416*v + 276. What is r(22)?
12
Let q(o) = -206*o - 6595. What is q(-32)?
-3
Let u(k) = k**2 + 59202*k - 769840. Calculate u(13).
-45
Let l(r) = 28*r**2 - 33*r + 71. What is l(2)?
117
Let j(l) = 2*l**3 + 3*l**2 - 121*l - 183. Determine j(-8).
-47
Let a(r) = 13397*r + 81376. Determine a(-6).
994
Let i(x) = 2*x**2 + 1275*x - 94434. What is i(67)?
-31
Let q(d) = 121*d + 24973. What is q(-205)?
168
Let k(b) = -149*b - 18114. What is k(-120)?
-234
Let t(y) = -y**2 - 59704*y - 417880. Give t(-7).
-1
Let v(i) = -9*i**2 + 185*i - 763. Determine v(4).
-167
Let n(d) = -247*d + 58817. What is n(238)?
31
Let r(x) = -7*x**2 - 1498*x - 68861. Give r(-67).
82
Let o(k) = -5631*k + 16894. Determine o(3).
1
Let c(b) = 4*b**2 + 639*b - 5633. Determine c(-168).
-89
Let y(l) = 93*l - 14501. Determine y(155).
-86
Let k(j) = -7*j**2 + 439*j + 986. What is k(-15)?
-7174
Let j(f) = 3341*f - 135007. Calculate j(40).
-1367
Let q(f) = -47747*f + 334251. Determine q(7).
22
Let d(c) = 2*c**3 + 12*c**2 - 19*c + 12. What is d(-10)?
-598
Let d(s) = s**3 - 14*s**2 - 81*s + 184. Determine d(18).
22
Let x(b) = 3*b**3 + 60*b**2 + 1147*b + 20703. What is x(-19)?
-7
Let f(g) = -g**3 - 104*g**2 - 1113*g + 6364. Give f(-91).
-6
Let d(s) = 270*s - 12409. What is d(46)?
11
Let s(r) = -761*r - 6891. Give s(-8).
-803
Let t(w) = -w**3 - 10*w**2 + 162*w - 14. What is t(9)?
-95
Let k(m) = -3*m**3 - 144*m**2 + 149*m + 459. Calculate k(-49).
361
Let k(w) = -196*w + 4959. Determine k(16).
1823
Let n(s) = -11421*s + 11464. Calculate n(1).
43
Let a(q) = -19861*q - 3157888. Give a(-159).
11
Let u(s) = -66400*s + 2855204. Calculate u(43).
4
Let r(b) = 149*b + 10648. Determine r(-71).
69
Let c(u) = -u**2 + 11127*u + 5017486. What is c(-434)?
12
Let k(j) = -33*j**2 - 3203*j + 3002. Determine k(-98).
-36
Let s(a) = 58*a**2 + 3527*a + 8. What is s(-61)?
679
Let b(i) = i**3 - 1142*i**2 - 16189*i - 26. What is b(-14)?
44
Let d(u) = -157211*u - 1257700. Determine d(-8).
-12
Let u(v) = -4*v**2 - 472*v + 104418. Wha